 - 5*s = -355. Calculate the greatest common factor of 12 and y.
3
Let h(v) = -2*v**2 + 39*v + 32. Let f be h(8). What is the highest common factor of f and 56?
8
Let d = 12020 + -12017. Calculate the highest common divisor of d and 14832.
3
Let p = -5 + -81. Let g = p - -102. Suppose 0 + 2 = m - 3*u, -2*u = -2*m + g. What is the highest common factor of 88 and m?
11
Suppose 5*q = 924 - 244. Suppose -12 = 2*o + 4*w - 146, 5*w = -2*o + q. Suppose 0 = 3*u - 6*u + o. Calculate the greatest common divisor of u and 3.
3
Suppose -308 = 7*r - 27*r - 24*r. Let c(x) = -x**2 + 392. Let g be c(0). Calculate the greatest common divisor of r and g.
7
Let k be (38/8)/((-15)/(-60)). Let w = 7 - -14. Suppose k*r - w*r = -24. Calculate the highest common divisor of r and 132.
12
Let z be 2 + -8 + 511 + -10. What is the highest common factor of 792 and z?
99
Suppose -2*c + 4 = 4*j, 4*j - 2*c - 12 = -0*j. Suppose -j*i = -0*i, -285 = 3*d - 5*i. Let r = d + 205. What is the highest common divisor of r and 11?
11
Suppose -4546 - 1854 = -5*t + 2*g, 3*t + 5*g - 3809 = 0. Calculate the greatest common divisor of t and 63.
9
Let z = -55478 + 55538. Let t(v) = v**2 + 3*v + 2. Let q be t(-5). Calculate the greatest common divisor of z and q.
12
Let k be (11 - (-464)/(-56)) + 2/7. Suppose -3*r + 660 = k*m, 7*r = 4*r + 3*m + 630. What is the highest common factor of 172 and r?
43
Let c be 1*-7*434/(-49). Let p = -163 + 104. Let t = c + p. Calculate the highest common factor of 2 and t.
1
Let p = 7734 - 7563. Calculate the greatest common divisor of p and 11685.
57
Suppose -f = 3*l - 155, 100 = -3*f + 2*l + 521. Suppose f - 8 = 3*a. What is the highest common divisor of a and 18?
9
Suppose 354*f = 191*f + 2613216. Calculate the highest common divisor of 24 and f.
24
Suppose -2*x - 2*m = -4, x + 0*x + 4 = -4*m. Suppose 0*w + x*w + 40 = 2*r, 4*w = 3*r - 60. Calculate the greatest common factor of r and 80.
20
Let c be 7/((-21)/(-2)) - 10811/57. Let d be ((-8)/(-9))/((-21)/c). Let m = 147 - 59. Calculate the greatest common factor of m and d.
8
Suppose i - 3*s + 16 = 0, 2*i - 3*i = -4*s + 21. Let m = i - -56. Let c = m + -44. What is the greatest common divisor of 11 and c?
11
Let w = 1171 + 515. What is the highest common divisor of 6 and w?
6
Suppose 5*c - 3060 = 5*o, -8*o = -3*c - 9*o + 1860. Calculate the greatest common divisor of 3914 and c.
206
Suppose -j + l = -3412 + 180, 0 = 4*j - 2*l - 12932. Suppose 0 = -4*p - 3*p + j. Suppose 0 = -34*o + 37*o - p. What is the greatest common divisor of 22 and o?
22
Suppose -6579 = -9*h + 5220. What is the highest common divisor of h and 483?
69
Suppose 2*c + 6*b = 11*b + 38, -b - 28 = -c. Let v be 8/3 + (-3)/(-9). Suppose v*y - 51 = 2*y. Calculate the highest common divisor of y and c.
17
Let s = 588 + -18. Let l be s/(-25)*15/(-2). Let z(m) = m**3 + 6*m**2 - 15*m - 71. Let n be z(-6). What is the highest common divisor of n and l?
19
Let m(l) = 3*l**2 + l + 2. Let o be m(-1). Suppose 3*x - 240 = -2*t, -3*x + x = -o*t + 512. Let k = t + -72. What is the highest common divisor of k and 135?
27
Let x(y) = -3*y**3 + 43*y**2 + 21*y - 72. Let i be x(14). Calculate the greatest common factor of 88 and i.
22
Let q = -86 + 1721. What is the greatest common factor of 45 and q?
15
Suppose -229 - 51 = -5*m. Let o(y) = -y**3 - 6*y**2 + 1518*y + 13867. Let w be o(-9). What is the highest common factor of m and w?
56
Let l(i) = 14*i**2 - 7*i. Suppose 5*w = -0*w + 10. Suppose 33 = 6*p - 2*p - 5*u, -5*p = w*u. Let h be l(p). What is the greatest common factor of 168 and h?
42
Suppose -2*g - 171 = z, -9*g - z - 255 = -6*g. Let j be (-6024)/g - 4 - (-2)/7. Calculate the greatest common factor of j and 4.
4
Let l(y) = -638*y - 80. Let p be l(-1). What is the greatest common divisor of p and 6?
6
Let f(y) = y - 26. Let a be f(9). Let r be (1*62)/(a/34). Let n = r - -176. Calculate the greatest common divisor of n and 13.
13
Suppose 11*b - 72 - 137 = 0. Suppose -12*p - 20*p + 32 = 0. Calculate the highest common divisor of b and p.
1
Let m = -7358 - -8298. What is the highest common divisor of 80 and m?
20
Suppose -5*c + 337 = 2*m, 7*m - 3*m - 639 = -3*c. What is the highest common factor of m and 1846?
26
Let r = 36 - -22. Let g be 1*4/(-3) - (25012/(-156) + 14). What is the highest common factor of r and g?
29
Suppose 0 = -8*a + 9*a + 15. Let t be 328/(-10)*2/4*a. Let k = t + -171. Calculate the highest common divisor of k and 15.
15
Suppose -3486 + 2200 = -56*h + 5434. What is the greatest common factor of 192 and h?
24
Suppose 0 = p - 12 + 3. Let b = 186 - 184. Suppose -2*l + 4 = -4*s, -s + b*s - 8 = -l. What is the greatest common factor of p and l?
3
Let k be 5 + -7 + 196 - (29 + -38). What is the greatest common factor of 1102 and k?
29
Let v = -80 - -93. Let k(g) = -3*g - 21. Let n be k(v). Let l be (-5124)/n + 2/(-5). Calculate the highest common divisor of 17 and l.
17
Suppose 64*t + 35*t - 9744 = 12*t. What is the greatest common divisor of 256 and t?
16
Let u = -1 - 12. Let o(p) = -13*p**2 - p**3 - 11 + 26 + 7*p**2 - 7*p**2. Let r be o(u). What is the greatest common factor of 5 and r?
5
Let d be (-16)/3*(-175305)/620. Let s = 211 + -159. What is the highest common divisor of s and d?
52
Let u = 68 + -34. Let t = 509 - 203. What is the highest common divisor of u and t?
34
Suppose 2*z - 306 = -5*g, -429*g + 3*z - 249 = -433*g. Calculate the highest common factor of 75 and g.
15
Let n = 4977 - 4862. Calculate the greatest common divisor of 145 and n.
5
Let a be (-15 - 7) + 11 - -7. Let l(u) = 14 - 2*u + 4*u + 0*u. Let m be l(a). What is the highest common divisor of m and 6?
6
Let i(r) = -11*r**2 + 0 - r - 1 + 10*r - r**3 + r. Let z be i(-12). Calculate the highest common divisor of 92 and z.
23
Suppose -3*k - 4 = -5*k. Let d be 20/24*3*k. Suppose 0 = 5*h + d*i - 895, 0*h = -5*h - 3*i + 897. What is the greatest common divisor of 72 and h?
36
Let h be 26 + (-39030)/(-195) + 2/(-13). What is the highest common divisor of 14125 and h?
113
Let y(v) be the third derivative of v**5/15 + 7*v**4/24 + 7*v**3/6 - 4*v**2 + 11*v. Let i be y(3). What is the highest common divisor of 1216 and i?
64
Let g(n) = -n**2 + 12*n - 6. Let z be g(12). Let l be 1*-2*1*z/3. Suppose 5*f = -3*u + 73, -3*u + 2*f - l = -84. What is the highest common factor of u and 104?
26
Let z be (30/35)/((-3)/(-84)). Let q = 26 - z. Suppose q*s - 5*s - 39 = -3*x, -3*x - 2*s = -19. What is the greatest common divisor of 9 and x?
9
Suppose 10*l - 5*z = 8*l + 37, -5*l + 140 = -3*z. Calculate the highest common divisor of 31 and l.
31
Let j(u) = -29*u**2 - u + 52. Let v be j(6). Let b = -950 - v. Calculate the highest common factor of b and 18.
6
Let i = 144 + -119. Let x = i - -5. Calculate the highest common factor of 165 and x.
15
Let v = -176 - -489. Let q = v - 260. Calculate the greatest common factor of 1 and q.
1
Let a(i) = 306*i**2 - 3017*i - 5. Let b be a(10). Calculate the highest common factor of b and 200.
25
Let x(v) be the second derivative of -v**4/12 + 23*v**3/6 - 15*v**2 + 2*v + 4. Let b be x(21). Calculate the greatest common factor of 384 and b.
12
Let k = 61 - 58. Let b(o) = -2*o - 30*o**2 - 1 - o**3 + 30*o**2 + 4*o. Let h be b(-2). Calculate the greatest common factor of h and k.
3
Suppose 0 = 2*p - 3*p - 3*d + 17, -d + 1 = 0. Let j = -425 + 474. What is the greatest common factor of p and j?
7
Suppose 0 = f - 38 + 14. Suppose 257379 = 1180*c + 2499. Calculate the greatest common divisor of c and f.
24
Let y(x) = 2*x**2 - 73*x + 30. Let g be y(38). Suppose -t - f = -4*f - 112, -224 = -2*t - 2*f. What is the highest common divisor of g and t?
16
Suppose -72 = -2*s + 4*d, 24*s - 21*s - 38 = -4*d. What is the highest common factor of 34078 and s?
22
Let b = -29523 - -29611. What is the highest common factor of 1133 and b?
11
Let d be 176*((-12)/(-10) - (-14)/(-70)). Calculate the highest common factor of 4334 and d.
22
Suppose 0 = -3*w + 2 + 49. Let a = -92 + 293. Let f = -14 + a. What is the greatest common factor of w and f?
17
Suppose -3*k + 3*c = -1553 - 22, -2*c = -8. Calculate the highest common factor of k and 161.
23
Let j(h) = -147*h + 922. Let i be j(5). What is the highest common factor of i and 4301?
187
Suppose -2*x + 91 = -3*h + 9, -5*h + 66 = 3*x